.
60
Calculate the highest common divisor of 939161 and 844.
211
Calculate the greatest common divisor of 30 and 12838530.
30
What is the greatest common factor of 9 and 193176?
9
Calculate the greatest common divisor of 42370 and 22746.
446
What is the greatest common factor of 672 and 263200?
224
What is the greatest common divisor of 8449 and 10721?
71
What is the highest common divisor of 2106 and 45522?
162
What is the greatest common factor of 784644 and 84?
84
Calculate the highest common divisor of 791736 and 88.
88
What is the greatest common factor of 141805 and 1975?
395
Calculate the greatest common factor of 125300 and 4900.
700
What is the greatest common divisor of 693849 and 13?
13
What is the greatest common divisor of 159854 and 8086?
622
Calculate the greatest common factor of 126 and 270792.
18
What is the greatest common divisor of 756 and 528192?
252
Calculate the highest common divisor of 1425 and 199025.
475
Calculate the greatest common divisor of 680 and 2049860.
340
What is the greatest common divisor of 22952 and 1359?
151
What is the greatest common factor of 689480 and 760?
40
Calculate the greatest common factor of 69 and 181953.
69
What is the highest common divisor of 94432 and 416?
416
What is the highest common divisor of 462 and 87054?
66
What is the greatest common divisor of 95583 and 906?
453
Calculate the greatest common factor of 12 and 13219.
1
What is the greatest common divisor of 85 and 11917?
17
Calculate the greatest common divisor of 37 and 280349.
37
Calculate the greatest common divisor of 23 and 88849.
23
Calculate the highest common factor of 113675 and 25.
25
What is the highest common divisor of 516 and 60243?
129
What is the highest common divisor of 8337 and 129819?
1191
What is the highest common factor of 1254 and 206568?
114
Calculate the greatest common divisor of 6567 and 33432.
597
Calculate the greatest common divisor of 17546 and 9622.
566
What is the greatest common factor of 416490 and 60?
30
What is the greatest common factor of 2795 and 282725?
215
Calculate the greatest common divisor of 1192 and 12295480.
1192
What is the highest common factor of 42614 and 286?
286
Calculate the greatest common factor of 72408 and 672.
168
What is the greatest common divisor of 1693653 and 13?
13
Calculate the greatest common divisor of 66456 and 260.
52
Calculate the greatest common factor of 1492650 and 31.
31
Calculate the greatest common divisor of 1041420 and 816.
204
What is the highest common factor of 1798 and 496?
62
Calculate the greatest common factor of 758 and 2320238.
758
What is the highest common divisor of 70 and 793856?
14
Calculate the highest common divisor of 2236 and 4732.
52
Calculate the highest common factor of 110576 and 32.
16
Calculate the highest common factor of 12578328 and 846.
846
Calculate the highest common factor of 403 and 41726.
31
Calculate the highest common divisor of 12 and 1440324.
12
What is the greatest common divisor of 2847 and 1391?
13
Calculate the highest common factor of 24289 and 1135.
227
What is the highest common factor of 25 and 214?
1
What is the greatest common factor of 3297 and 1256?
157
Calculate the greatest common factor of 634 and 2199346.
634
What is the highest common divisor of 84476 and 588?
196
Calculate the greatest common divisor of 14 and 4559023.
7
What is the highest common divisor of 13 and 220103?
13
What is the highest common divisor of 560 and 397840?
80
What is the highest common divisor of 192280 and 22344?
152
Calculate the greatest common divisor of 15030 and 150.
30
What is the greatest common factor of 96 and 48336?
48
What is the highest common factor of 2838 and 1320?
66
Calculate the highest common factor of 39916 and 136.
68
Calculate the greatest common divisor of 127293 and 11325.
453
Calculate the highest common factor of 135772 and 9828.
364
What is the highest common factor of 13 and 8187049?
13
What is the highest common divisor of 88 and 4403960?
88
What is the greatest common factor of 506 and 3529350?
506
What is the highest common factor of 2496 and 468?
156
What is the highest common factor of 1831950 and 8050?
1150
What is the greatest common divisor of 464646 and 5824?
182
Calculate the greatest common factor of 127035 and 162.
27
What is the greatest common factor of 23 and 69483?
23
What is the greatest common factor of 2369 and 138?
23
Calculate the greatest common factor of 105 and 11928.
21
Calculate the greatest common divisor of 10254 and 66.
6
Calculate the greatest common factor of 14778 and 2736.
18
Calculate the highest common factor of 322046 and 46.
46
What is the highest common divisor of 874587 and 63?
21
Calculate the highest common factor of 2804 and 92.
4
What is the highest common factor of 27 and 16875?
27
What is the highest common divisor of 56 and 11907?
7
Calculate the highest common divisor of 35761 and 616.
11
What is the highest common divisor of 183 and 375?
3
What is the highest common divisor of 151311 and 837?
93
Calculate the highest common divisor of 25029 and 4131.
243
What is the greatest common divisor of 1106 and 276974?
158
What is the highest common divisor of 117 and 55134?
9
Calculate the highest common divisor of 65816 and 1121.
19
Calculate the greatest common factor of 17484 and 18.
6
What is the greatest common divisor of 3136 and 868?
28
What is the highest common factor of 1608097 and 758?
379
What is the greatest common divisor of 39 and 1468506?
39
What is the highest common factor of 12096 and 10476?
108
Calculate the greatest common factor of 2616 and 11439768.
2616
Calculate the greatest common factor of 1260 and 4953690.
630
What is the highest common factor of 31728 and 288?
48
Calculate the greatest common factor of 2051628 and 178.
178
What is the highest common factor of 6864 and 2028?
156
Calculate the greatest common divisor of 11680 and 100.
20
What is the greatest common divisor of 120832 and 384?
128
Calculate the highest common divisor of 33 and 7269.
3
What is the highest common factor of 123713 and 85253?
641
What is the highest common divisor of 421950 and 435?
435
What is the highest common divisor of 42828 and 1494?
498
What is the highest common divisor of 121179 and 5212?
1303
What is the greatest common factor of 221050 and 100?
50
What is the greatest common divisor of 68495 and 1211?
7
Calculate the greatest common divisor of 4092 and 198524.
124
Calculate the greatest common divisor of 198 and 5467.
11
What is the greatest common divisor of 90 and 1361565?
45
What is the highest common divisor of 146 and 356386?
146
What is the highest common divisor of 120 and 32420?
20
Calculate the highest common divisor of 1560 and 4920.
120
What is the highest common factor of 232701 and 21?
21
Calculate the highest common factor of 568264 and 6226.
566
What is the greatest common divisor of 368958 and 6?
6
What is the greatest common factor of 120 and 930?
30
Calculate the greatest common divisor of 30 and 10878690.
30
What is the highest common factor of 17 and 14739?
17
Calculate the highest common factor of 42 and 31647.
21
What is the highest common factor of 17 and 261409?
17
What is the highest common factor of 22161 and 664?
83
Calculate the highest common divisor of 23149 and 1540.
7
Calculate the greatest common factor of 69 and 618723.
69
What is the greatest common factor of 7461 and 198?
9
Calculate the highest common factor of 306 and 41994.
18
What is the greatest common divisor of 234004 and 76?
76
What is the greatest common divisor of 3895 and 45?
5
Calculate the highest common divisor of 576 and 310608.
144
Calculate the greatest common factor of 31439 and 1341.
149
Calculate the highest common factor of 291 and 11834.
97
Calculate the highest common divisor of 72303 and 2079.
231
What is the highest common divisor of 56415 and 15?
15
What is the greatest common factor of 5962 and 1084?
542
What is the highest common factor of 5695 and 1675?
335
What is the highest common factor of 1619195 and 436?
109
What is the highest common factor of 57 and 2109?
57
Calculate the greatest common factor of 3082674 and 7.
7
Calculate the highest common factor of 293 and 4673.
1
What is the greatest common divisor of 86762